d 63.
21
Calculate the greatest common factor of 340 and 476.
68
Calculate the highest common divisor of 12206 and 136.
34
Calculate the greatest common factor of 21 and 483.
21
Calculate the highest common divisor of 38 and 171.
19
Calculate the greatest common factor of 1197 and 133.
133
What is the greatest common factor of 1705 and 2046?
341
What is the highest common factor of 17 and 1088?
17
What is the highest common factor of 770 and 110?
110
Calculate the highest common divisor of 25 and 289.
1
What is the greatest common divisor of 144 and 3852?
36
Calculate the greatest common factor of 5 and 640.
5
Calculate the greatest common factor of 2193 and 51.
51
What is the highest common divisor of 5 and 125?
5
What is the greatest common factor of 2 and 10418?
2
What is the highest common factor of 384 and 36?
12
Calculate the greatest common factor of 3025 and 150.
25
Calculate the highest common divisor of 15 and 5.
5
Calculate the greatest common divisor of 1098 and 2.
2
Calculate the highest common factor of 357 and 119.
119
Calculate the greatest common divisor of 42 and 3486.
42
What is the greatest common factor of 143 and 26?
13
Calculate the greatest common factor of 51 and 85.
17
Calculate the greatest common factor of 135 and 10.
5
Calculate the highest common divisor of 2822 and 51.
17
What is the greatest common factor of 36 and 342?
18
What is the greatest common factor of 203 and 232?
29
What is the highest common divisor of 217 and 93?
31
What is the highest common factor of 364 and 52?
52
Calculate the highest common divisor of 56001 and 33.
33
What is the highest common factor of 78 and 195?
39
Calculate the highest common factor of 572 and 264.
44
Calculate the highest common divisor of 120 and 1830.
30
What is the highest common factor of 29 and 2581?
29
What is the highest common factor of 4 and 967?
1
What is the highest common divisor of 60 and 4260?
60
What is the greatest common divisor of 16864 and 51?
17
What is the greatest common factor of 40 and 120?
40
Calculate the greatest common divisor of 15 and 75.
15
Calculate the greatest common divisor of 2314 and 26.
26
Calculate the greatest common factor of 98 and 1022.
14
What is the highest common divisor of 42803 and 23?
23
Calculate the greatest common divisor of 260 and 12.
4
Calculate the greatest common factor of 340 and 20.
20
Calculate the highest common factor of 117 and 243.
9
Calculate the highest common factor of 105 and 315.
105
What is the highest common divisor of 48 and 8688?
48
What is the highest common factor of 18 and 288?
18
What is the highest common factor of 46 and 460?
46
What is the greatest common divisor of 188 and 24?
4
Calculate the highest common factor of 35 and 14.
7
Calculate the greatest common divisor of 1704 and 24.
24
Calculate the highest common factor of 18 and 894.
6
Calculate the greatest common factor of 154 and 10010.
154
Calculate the highest common factor of 1220 and 420.
20
What is the greatest common divisor of 95 and 9785?
95
What is the highest common divisor of 54 and 2322?
54
What is the highest common factor of 88 and 24?
8
What is the highest common divisor of 209 and 11?
11
What is the greatest common divisor of 89 and 267?
89
Calculate the greatest common divisor of 140 and 4830.
70
Calculate the highest common factor of 13762 and 70.
14
What is the highest common divisor of 98205 and 15?
15
What is the highest common divisor of 41 and 6355?
41
Calculate the highest common factor of 1 and 240.
1
What is the highest common divisor of 130 and 2665?
65
What is the greatest common divisor of 1224 and 680?
136
What is the highest common factor of 1414 and 2727?
101
Calculate the highest common divisor of 609 and 693.
21
Calculate the greatest common factor of 16 and 184.
8
Calculate the greatest common divisor of 30720 and 120.
120
What is the highest common factor of 450 and 18?
18
Calculate the greatest common divisor of 9636 and 132.
132
What is the highest common divisor of 104 and 568?
8
What is the greatest common divisor of 551 and 406?
29
What is the greatest common factor of 273 and 1407?
21
Calculate the greatest common factor of 1364 and 4960.
124
What is the greatest common factor of 8 and 40?
8
Calculate the highest common divisor of 308 and 112.
28
Calculate the greatest common factor of 106 and 159.
53
Calculate the greatest common divisor of 6 and 5946.
6
What is the highest common factor of 70 and 130?
10
Calculate the highest common divisor of 6310 and 10.
10
What is the highest common factor of 284 and 2?
2
What is the highest common divisor of 4387 and 428?
107
What is the highest common factor of 1228 and 3377?
307
What is the highest common divisor of 380 and 57?
19
What is the highest common factor of 418 and 242?
22
What is the greatest common factor of 104 and 40?
8
What is the highest common factor of 7 and 112?
7
Calculate the greatest common factor of 81 and 6399.
81
Calculate the greatest common factor of 969 and 51.
51
Calculate the greatest common divisor of 82 and 7339.
41
Calculate the greatest common factor of 43847 and 269.
269
Calculate the greatest common divisor of 418 and 44.
22
What is the greatest common divisor of 13 and 3211?
13
Calculate the highest common factor of 6 and 12.
6
Calculate the greatest common factor of 260 and 377.
13
Calculate the greatest common divisor of 30 and 42.
6
What is the highest common divisor of 256 and 1376?
32
Calculate the highest common factor of 18 and 326.
2
What is the greatest common divisor of 680 and 3944?
136
Calculate the highest common divisor of 4418 and 1128.
94
Calculate the highest common divisor of 85 and 2635.
85
Calculate the highest common factor of 2358 and 18.
18
What is the highest common divisor of 24 and 56?
8
What is the greatest common divisor of 957 and 435?
87
What is the highest common divisor of 196 and 5537?
49
What is the highest common factor of 8300 and 20?
20
What is the greatest common divisor of 5587 and 111?
37
Calculate the highest common factor of 121 and 11.
11
Calculate the greatest common factor of 76 and 190.
38
What is the greatest common divisor of 27 and 1431?
27
Calculate the greatest common divisor of 10688 and 192.
64
What is the highest common divisor of 1326 and 78?
78
What is the highest common divisor of 1545 and 165?
15
Calculate the highest common factor of 210 and 1370.
10
What is the greatest common divisor of 21867 and 222?
111
What is the highest common factor of 340 and 17?
17
What is the greatest common divisor of 323 and 209?
19
What is the highest common factor of 6 and 534?
6
Calculate the greatest common divisor of 2899 and 892.
223
Calculate the greatest common divisor of 4877 and 2.
1
What is the highest common divisor of 48 and 50400?
48
What is the greatest common divisor of 30 and 570?
30
Calculate the highest common factor of 96 and 800.
32
What is the highest common factor of 1995 and 105?
105
What is the highest common divisor of 2088 and 216?
72
Calculate the highest common factor of 42 and 378.
42
Calculate the highest common divisor of 30 and 35.
5
What is the highest common factor of 2407 and 58?
29
What is the greatest common factor of 30 and 1995?
15
Calculate the greatest common factor of 36810 and 60.
30
Calculate the greatest common divisor of 5203 and 121.
121
Calculate the greatest common divisor of 371 and 477.
53
Calculate the greatest common divisor of 320 and 528.
16
What is the highest common divisor of 760 and 40?
40
What is the greatest common divisor of 1056 and 240?
48
What is the highest common divisor of 40 and 5?
5
Calculate the greatest common factor of 30 and 650.
10
Calculate the highest common factor of 777 and 21.
21
What is the highest common divisor of 16 and 136?
8
What is the highest common factor of 34 and 323?
17
Calculate the highest common factor of 60 and 160.
20
Calculate the highest common divisor of 124 and 12.
4
Calculate the highest common factor of 369 and 18.
9
Calculate the highest common divisor of 58667 and 203.
203
Calculate the greatest common factor of 114 and 270.
6
What is the greatest common divisor of 27 and 7479?
27
What is the highest common factor of 1 and 1091?
1
What is the highest common divisor of 6 and